se k = -4*d + 69523, -5*k + 2*d + 308769 = -38934. List the prime factors of k.
69539
Let o(p) = 1382*p**2 + 254*p + 39. What are the prime factors of o(5)?
3, 11953
Let g = 388 + -394. What are the prime factors of ((-128)/(-12))/(-16) + (-5176)/g?
2, 431
Let c be 190/65 + 4/52. Suppose -3*v = -5*b - 3062, 4*v + c*b = 7*v - 3072. What are the prime factors of v?
3, 7
Let u be ((24 - -4)/2)/2. Let v(d) = -50*d - 7. Let r be v(u). List the prime factors of (r/12)/((-4)/16).
7, 17
Suppose 0 = 6*l - 10*l. Let c(q) = -q**2 - q. Let n(o) = o**3 - o**2 - 5*o - 27. Let y(f) = 2*c(f) - n(f). What are the prime factors of y(l)?
3
Suppose 0 = -g + v + 7035, 21*g + 7060 = 22*g - 6*v. What are the prime factors of g?
2, 5, 19, 37
Let n(c) be the second derivative of -c**5 + 5*c**4/12 + 5*c**3/6 - c**2/2 - 2*c - 2. List the prime factors of n(-2).
13
Suppose 13*x = 6*x + 2254. Suppose -3*y - 3*j - 634 = y, x = -2*y - 4*j. Let h = y + 246. List the prime factors of h.
89
Suppose 0 = -7*i - 3*i + 19480. What are the prime factors of i/11 - 7/77?
3, 59
Let o(w) = 247*w**2 - 139*w + 1362. List the prime factors of o(10).
2, 3, 257
Let d = -52890 + 116042. What are the prime factors of d?
2, 3947
Let v(b) = 30*b**2 - b + 4209. What are the prime factors of v(0)?
3, 23, 61
Let h = -10919 - -24569. List the prime factors of h.
2, 3, 5, 7, 13
Suppose w + 3*m = -116, -358 = 3*w + 2*m - 3*m. Let i = w + 121. What are the prime factors of i?
2
Suppose 6*u + 20585 = u. Let f = -2604 - u. List the prime factors of f.
17, 89
Let q(w) be the third derivative of -w**4/6 - 17*w**3/6 - 92*w**2. What are the prime factors of q(-25)?
83
Let k = 35 + -41. Let s(v) = -116*v - 6. Let b(x) = -x. Let q(c) = k*b(c) - s(c). What are the prime factors of q(1)?
2
Let r = -355 + 775. Let k = r - 340. What are the prime factors of k?
2, 5
Let m = -408 + 543. Let j = m + 495. What are the prime factors of j?
2, 3, 5, 7
Let g be ((-1180)/44 - -5) + 4/(-22). Let d = g + 25. Suppose 4*i = 4*s - 348, 2*i + 64 + 192 = d*s. What are the prime factors of s?
2, 41
Let q be 44 + (18/(-3))/(-2). Let h(d) = 2*d**2 - 2*d - 1. Let t be h(-1). Suppose t*m - 8 = 7*m, -i = -5*m - q. List the prime factors of i.
37
Let i(g) = g**3 + 43*g**2 - 135*g - 50. What are the prime factors of i(-44)?
2, 3, 659
Let m(i) = 8*i**3 - 44*i**2 - 42*i - 107. List the prime factors of m(17).
3, 7, 409
What are the prime factors of (2752/24 - 0)/((-28)/(-4074))?
2, 43, 97
Suppose 0 = -13*z + 43730 + 72152. List the prime factors of z.
2, 4457
Let y(h) = -h**3 + 14*h**2 - 15*h + 9. Suppose 26*g - 98 = 12*g. What are the prime factors of y(g)?
13, 19
Suppose -151 + 796 = 5*b. Let a = 49 - 15. Let s = b + a. What are the prime factors of s?
163
Suppose 119*s - 1438 + 362 - 828 = 0. Suppose 0 = 5*w + 15, -5*l + 3*w - 10 + 49 = 0. Suppose 2*p - s = l*u - 11*u, u - 2 = 0. List the prime factors of p.
3
Let n be (-2)/(-9) - (-5 + (-60)/(-27)). Let u(h) = -12*h**2 - 2*h + 3. Let l be u(n). Let x = 266 + l. List the prime factors of x.
5, 31
Let g(h) = -h + 8. Let s be g(5). Suppose 3 = -s*w + 15. Suppose -o + 80 = -0*o + q, 2*o + w*q = 154. List the prime factors of o.
83
Suppose 0 = 20*m - 48646 - 67254. List the prime factors of m.
5, 19, 61
Let n = 110 + -106. Suppose 5*i = -r + 2041, n*r - 115 = -2*i + 705. Suppose 3*b = 8*b - 4*x - 687, i = 3*b - x. List the prime factors of b.
3, 5
Let j(n) = -n**3 + 6*n**2 + n - 1. Suppose 4*u + 23 = 43. Let y be j(u). Suppose 2*o - 3*o + y = 0. What are the prime factors of o?
29
Let b(o) = o**2 - 8*o + 15. Let z be b(8). Let g(d) = -d + 17. Let h be g(z). Suppose p + 109 = h*i - 18, -4*p + 59 = i. What are the prime factors of i?
3, 7
What are the prime factors of (-26229)/(-77) + (-7)/(-231)*12?
11, 31
Suppose -49147 = -3*a - k, 4*a - 65506 = -45*k + 47*k. List the prime factors of a.
2, 3, 5, 7, 13
Let n = 54 - 75. Let f = n - -50. Suppose -36 = -k + f. List the prime factors of k.
5, 13
What are the prime factors of (-196096)/(-18) + 14/8 + (-9514)/4824?
2, 13, 419
Suppose 0 = 5*a - 1699 + 324. Let m = a - 192. List the prime factors of m.
83
Let p be 0 - (-4 + -4)/(-1). What are the prime factors of (p + (-550)/(-8))/((-2)/(-32))?
2, 3
Suppose 68*u - 72*u + 4012 = 0. Let i = u - 2. What are the prime factors of i?
7, 11, 13
Suppose 4907 + 9918 = 5*q. Suppose 1879 + q = 7*r. What are the prime factors of r?
2, 173
Let c(i) = -2*i + 19. Suppose -3*v - 2*v + 16 = z, -4*z = 4*v. Let h be c(v). Let r = 47 - h. List the prime factors of r.
2, 3
Let o(h) = -h**2 - 6*h - 3. Let f be o(-2). Let n = 2 + f. Suppose 3*s - 80 = -2*a, s - 31 = -a + n. What are the prime factors of a?
2, 17
Let x = -5183 - -6329. What are the prime factors of x?
2, 3, 191
Let f = -163 - -166. Let x be (-4)/26 + 216/52. Suppose x*u - u = 0, 0 = f*j + 5*u - 222. What are the prime factors of j?
2, 37
Let r = 9894 + -9737. What are the prime factors of r?
157
Suppose -4*o + 2*d + 244334 = 0, -4*o + 305470 = o + 5*d. What are the prime factors of o?
13, 37, 127
Let x = 104 + -99. Suppose -3*t - 1220 + 3394 = -2*f, -f = -x. List the prime factors of t.
2, 7, 13
Suppose 1604 = 53*j - 49*j. Let d = j + -16. List the prime factors of d.
5, 7, 11
What are the prime factors of 2286964/120 - (-34)/(-1020)?
2, 13, 733
Let u be -70 + 694 + 9/(-1). Let z = u + 714. What are the prime factors of z?
3, 443
Suppose -5*f - 202 = -3*i, f - 5*i + 24 + 12 = 0. Let n = f - -48. Suppose 3*g + o = 41, 2*o + 23 = 2*g + n*o. What are the prime factors of g?
2, 7
Let d be ((-1)/(-1))/(6/432). Suppose -a - c - d = 3*c, 0 = 2*c - 6. Let k = 137 + a. List the prime factors of k.
53
Suppose 156 = d - 1. Suppose 155*f - d*f = -754. What are the prime factors of f?
13, 29
Suppose 2*t + 3*h - 27091 = 0, -5*h = -4*t + 2*t + 27051. List the prime factors of t.
2, 7, 967
Let p(g) = -g**3 - 2*g**2 + 3*g + 6. Let f be p(-3). Suppose -f*l + 28 + 32 = 0. List the prime factors of ((36/l)/1)/(15/75).
2, 3
Let f(g) = 140*g - 4. Let p be f(4). Let m be ((-1)/(-4))/(-1 + (-28633)/(-28652)). Let o = p + m. List the prime factors of o.
179
Let w = 20261 + -1740. List the prime factors of w.
18521
Let m(p) = 18*p**2 - 4*p - 2. Suppose 51 = -3*z - 6. Let x = z - -22. List the prime factors of m(x).
2, 37
Suppose 0 = -4*y + p + 29844, -4*y - 5*p + 32202 = 2358. List the prime factors of y.
3, 829
Let i be (1 - 0)/(8 - 57/7). Let z(k) = 8*k**2 - 7*k + 18. List the prime factors of z(i).
3, 17
Let w = 36683 + -13796. List the prime factors of w.
3, 2543
Let t(x) be the second derivative of -x**4/6 + 8*x**3/3 + 27*x**2/2 - 5*x. Let d be t(-10). Let i = -117 - d. List the prime factors of i.
2, 3
Let j = 62 + -56. List the prime factors of 17847/(-135)*(1 - (j + 0)).
661
Suppose -25*z + 174074 - 102272 = -194323. What are the prime factors of z?
5, 2129
Let k(o) = -o**3 + 53*o**2 + 73*o - 163. What are the prime factors of k(53)?
2, 17, 109
Let s(f) = 5*f**3 - 281*f**2 + 100*f - 334. List the prime factors of s(56).
2, 3, 5, 71
Let a(t) = -3*t**2 - 5*t + 2. Let k(f) = -8*f**2 - 14*f + 6. Let u(y) = -11*a(y) + 4*k(y). Suppose 102 = -38*l + 55*l. What are the prime factors of u(l)?
2
Let f = 37133 + -22869. What are the prime factors of f?
2, 1783
Let y(m) = m**2 + 3*m - 120. Let z(q) = -3*q**3 - 25*q**2 - 12*q - 4. Let g be z(-8). List the prime factors of y(g).
2, 11, 17
Suppose 3*k - 10 = 11. Let m = k + -7. Suppose 4*j - 5*v - 119 = 0, m = -2*v + 5*v - 3. List the prime factors of j.
31
Suppose 0 = -5*y - 10, -3*q - 2*y - 4 = -0. Suppose -1560 = -5*z - q*m - 2*m, -z + 320 = 2*m. Suppose 5*w = -0*w + z. List the prime factors of w.
2, 31
Let w be 748/14 - 88/(-154). Let b be ((-18)/w)/(1 + (-280)/279). Let h = b - 44. What are the prime factors of h?
7
Let w(b) = b**2 + b. Suppose 4*c + 0 + 6 = 3*z, -z + 2 = 5*c. Let o be w(z). What are the prime factors of (-4 + o)/((-4)/(-4))?
2
Let p be 126/441 + 438104/(-7) + 2. List the prime factors of p/(-36) + 88/(-198).
2, 11, 79
Let a(c) = c**3 + 140*c**2 - 570*c + 268. What are the prime factors of a(-143)?
20431
Let r(v) = -4*v**3 + 43*v**2 - 23*v + 13. List the prime factors of r(-9).
6619
Let c = 16589 - 12414. What are the prime factors of c?
5, 167
Let b = 2818 - 1294. What are the prime factors of b?
2, 3, 127
S